{"id":946,"date":"2018-05-22T16:22:50","date_gmt":"2018-05-22T15:22:50","guid":{"rendered":"http:\/\/www.besamungsgeraet.de\/__en\/?page_id=946"},"modified":"2024-10-28T18:02:44","modified_gmt":"2024-10-28T17:02:44","slug":"datenschutz","status":"publish","type":"page","link":"https:\/\/www.besamungsgeraet.de\/__en\/datenschutz\/","title":{"rendered":"Datenschutz \/ Privacy Policy"},"content":{"rendered":"<h3>Datenschutzerkl\u00e4rung<\/h3>\n<h4><span style=\"color: #808080;\"><em>(Nach neuen Richtlinien ist eine solche zwingend vorgeschrieben)<\/em><\/span><\/h4>\n<h6><span style=\"color: #808080;\">Die folgenden Hinweise geben einen \u00dcberblick dar\u00fcber, was mit Ihren personenbezogenen Daten passiert, wenn Sie vorliegende Webseite besuchen. Personenbezogene Daten sind alle Daten, mit denen Sie identifiziert werden k\u00f6nnen. Ausf\u00fchrliche Informationen zum Thema Datenschutz entnehmen Sie bitte dem nachfolgenden Text.<\/span><\/h6>\n<h6><span style=\"color: #808080;\"><strong>Wer ist verantwortlich f\u00fcr die Datenerfassung auf dieser Webseite?<\/strong><\/span><\/h6>\n<h6><span style=\"color: #808080;\">Die Datenverarbeitung auf dieser Webseite erfolgt durch den Webseitenbetreiber. Dessen Kontaktdaten k\u00f6nnen Sie dem Impressum dieser Webseite entnehmen.<\/span><\/h6>\n<h6><span style=\"color: #808080;\"><strong>Wie werden Ihre Daten erfa\u00dft?<\/strong><\/span><\/h6>\n<h6><span style=\"color: #808080;\">Ihre Daten werden zum einen dadurch erhoben, dass Sie diese mitteilen. Hierbei kann es sich z.B. um Daten handeln, die Sie in ein Kontaktformular eingeben.\u00a0Andere Daten werden automatisch beim Besuch der Webseite durch \u00a0IT-Systeme erfasst. Das sind vor allem technische Daten (z.B. Internetbrowser, Betriebssystem oder Uhrzeit des Seitenaufrufs). Die Erfassung dieser Daten erfolgt automatisch sobald Sie die Webseite betreten.<\/span><\/h6>\n<h6><span style=\"color: #808080;\"><strong>Wof\u00fcr werden Ihre Daten genutzt?<\/strong><\/span><\/h6>\n<h6><span style=\"color: #808080;\">Ein Teil der Daten wird erhoben, um eine fehlerfreie Bereitstellung der Webseite zu gew\u00e4hrleisten. Andere Daten k\u00f6nnen zur Analyse Ihres Nutzerverhaltens verwendet werden.<\/span><\/h6>\n<h6><span style=\"color: #808080;\"><strong>Welche Rechte haben Sie bez\u00fcglich Ihrer Daten?<\/strong><\/span><\/h6>\n<h6><span style=\"color: #808080;\">Sie haben jederzeit das Recht unentgeltlich Auskunft \u00fcber Herkunft, Empf\u00e4nger und Zweck Ihrer gespeicherten personenbezogenen Daten zu erhalten. Sie haben au\u00dferdem ein Recht, die Berichtigung, Sperrung oder L\u00f6schung dieser Daten zu verlangen. Hierzu sowie zu weiteren Fragen zum Thema Datenschutz k\u00f6nnen Sie sich jederzeit unter der im Impressum angegebenen Adresse wenden. Des weiteren steht Ihnen ein Beschwerderecht bei der zust\u00e4ndigen Aufsichtsbeh\u00f6rde zu.<\/span><\/h6>\n<h6><span style=\"color: #808080;\">Analyse-Tools und Tools von Drittanbietern<\/span><\/h6>\n<h6><span style=\"color: #808080;\">Beim Besuch vorliegender Webseite kann Ihr Surf-Verhalten statistisch ausgewertet werden. Das geschieht vor allem mit Cookies und mit sogenannten Analyseprogrammen. Die Analyse Ihres Surf-Verhaltens erfolgt in der Regel anonym; das Surf-Verhalten kann nicht zu Ihnen zur\u00fcckverfolgt werden. Sie k\u00f6nnen dieser Analyse widersprechen oder sie durch die Nichtbenutzung bestimmter Tools verhindern.<\/span><\/h6>\n<h6><span style=\"color: #808080;\">Der Betreiber dieser Seite nimmt den Schutz Ihrer pers\u00f6nlichen Daten sehr ernst. Ihre personenbezogenen Daten werden vertraulich behandelt und entsprechen den gesetzlichen Vorschriften sowie dieser Datenschutzerkl\u00e4rung.<\/span><\/h6>\n<h6><span style=\"color: #808080;\">Darauf hinzuweisen ist, dass die Daten\u00fcbertragung im Internet (z.B. bei der Kommunikation per E-Mail) Sicherheitsl\u00fccken aufweisen kann. Ein l\u00fcckenloser Schutz der Daten vor dem Zugriff durch Dritte ist nicht m\u00f6glich.<\/span><\/h6>\n<h6><span style=\"color: #808080;\">Die verantwortliche Stelle f\u00fcr die Datenverarbeitung auf dieser Webseite ist:<\/span><\/h6>\n<p>A&amp;G Wachholz GbR<br \/>\nLauenburger Str. 22<br \/>\n32339 Espelkamp<\/p>\n<p>Vertreten durch:<br \/>\nAlexander Wachholz<br \/>\nGerhard Wachholz<\/p>\n<p>Kontakt:<br \/>\nTelefon: +49 (0) 5772 9179550<br \/>\nE-Mail: <a href=\"mailto:bee-insemination@gmx.de\">bee-insemination@gmx.de<\/a><\/p>\n<p>&nbsp;<\/p>\n<h6><span style=\"color: #808080;\">Verantwortliche Stelle ist die nat\u00fcrliche oder juristische Person, die allein oder gemeinsam mit anderen \u00fcber die Zwecke und Mittel der Verarbeitung von personenbezogenen Daten (z.B. Namen, E-Mail-Adressen o. \u00c4.) entscheidet.<\/span><\/h6>\n<h6><span style=\"color: #808080;\">Widerruf Ihrer Einwilligung zur Datenverarbeitung<\/span><\/h6>\n<h6><span style=\"color: #808080;\">Viele Datenverarbeitungsvorg\u00e4nge sind nur mit Ihrer ausdr\u00fccklichen Einwilligung m\u00f6glich. Sie k\u00f6nnen eine bereits erteilte Einwilligung jederzeit widerrufen. Dazu reicht eine formlose Mitteilung per E-Mail. Die Rechtm\u00e4\u00dfigkeit der bis zum Widerruf erfolgten Datenverarbeitung bleibt vom Widerruf unber\u00fchrt.<\/span><\/h6>\n<h6><span style=\"color: #808080;\">Auskunft, Sperrung, L\u00f6schung<\/span><\/h6>\n<h6><span style=\"color: #808080;\">Sie haben im Rahmen der geltenden gesetzlichen Bestimmungen jederzeit das Recht auf unentgeltliche Auskunft \u00fcber Ihre gespeicherten personenbezogenen Daten, deren Herkunft und Empf\u00e4nger und den Zweck der Datenverarbeitung und ggf. ein Recht auf Berichtigung, Sperrung oder L\u00f6schung dieser Daten. Hierzu sowie zu weiteren Fragen zum Thema personenbezogener Daten k\u00f6nnen Sie sich jederzeit unter der im Impressum angegebenen Adresse wenden.<\/span><\/h6>\n<h6><span style=\"color: #808080;\">WordPress Stats<\/span><\/h6>\n<h6><span style=\"color: #808080;\">Diese Webseite nutzt das WordPress Tool Stats, um Besucherzugriffe statistisch auszuwerten. Anbieter ist die Automattic Inc., 60 29th Street #343, San Francisco, CA 94110-4929, USA.<\/span><\/h6>\n<h6><span style=\"color: #808080;\">WordPress Stats verwendet Cookies, die auf Ihrem Computer gespeichert werden und die eine Analyse der Benutzung der Website erlauben. Die durch die Cookies generierten Informationen \u00fcber die Benutzung der Webseite werden auf Servern in den USA gespeichert. Ihre IP-Adresse wird nach der Verarbeitung und vor der Speicherung anonymisiert.<\/span><\/h6>\n<h6><span style=\"color: #808080;\">\u201cWordPress-Stats\u201d-Cookies verbleiben bis zur L\u00f6schung auf Ihrem Endger\u00e4t .\u00a0Die Speicherung von \u201cWordPress Stats\u201d-Cookies erfolgt auf Grundlage von Art. 6 Abs. 1 lit. f DSGVO.<\/span><\/h6>\n<h6><span style=\"color: #808080;\">Sie k\u00f6nnen Ihren Browser so einstellen, dass Sie \u00fcber das Setzen von Cookies informiert werden und Cookies nur im Einzelfall erlauben, die Annahme von Cookies f\u00fcr bestimmte F\u00e4lle oder generell ausschlie\u00dfen sowie das automatische L\u00f6schen der Cookies beim Schlie\u00dfen des Browser aktivieren. Bei der Deaktivierung von Cookies kann die Funktionalit\u00e4t der Webseite eingeschr\u00e4nkt sein.<\/span><\/h6>\n<div><span style=\"color: #3366ff;\"><a style=\"color: #3366ff;\" href=\"https:\/\/www.besamungsgeraet.de\/\">https:\/\/www.besamungsgeraet.de<\/a><\/span><\/div>\n","protected":false},"excerpt":{"rendered":"<p>Datenschutzerkl\u00e4rung (Nach neuen Richtlinien ist eine solche zwingend vorgeschrieben) Die folgenden Hinweise geben einen \u00dcberblick dar\u00fcber, was mit Ihren personenbezogenen Daten passiert, wenn Sie vorliegende Webseite besuchen. Personenbezogene Daten sind alle Daten, mit denen Sie identifiziert werden k\u00f6nnen. Ausf\u00fchrliche Informationen zum Thema Datenschutz entnehmen Sie bitte dem nachfolgenden Text. Wer ist verantwortlich f\u00fcr die Datenerfassung [&hellip;]<\/p>\n","protected":false},"author":3,"featured_media":0,"parent":0,"menu_order":7,"comment_status":"closed","ping_status":"closed","template":"","meta":{"footnotes":""},"class_list":["post-946","page","type-page","status-publish","hentry"],"_links":{"self":[{"href":"https:\/\/www.besamungsgeraet.de\/__en\/wp-json\/wp\/v2\/pages\/946","targetHints":{"allow":["GET"]}}],"collection":[{"href":"https:\/\/www.besamungsgeraet.de\/__en\/wp-json\/wp\/v2\/pages"}],"about":[{"href":"https:\/\/www.besamungsgeraet.de\/__en\/wp-json\/wp\/v2\/types\/page"}],"author":[{"embeddable":true,"href":"https:\/\/www.besamungsgeraet.de\/__en\/wp-json\/wp\/v2\/users\/3"}],"replies":[{"embeddable":true,"href":"https:\/\/www.besamungsgeraet.de\/__en\/wp-json\/wp\/v2\/comments?post=946"}],"version-history":[{"count":7,"href":"https:\/\/www.besamungsgeraet.de\/__en\/wp-json\/wp\/v2\/pages\/946\/revisions"}],"predecessor-version":[{"id":1020,"href":"https:\/\/www.besamungsgeraet.de\/__en\/wp-json\/wp\/v2\/pages\/946\/revisions\/1020"}],"wp:attachment":[{"href":"https:\/\/www.besamungsgeraet.de\/__en\/wp-json\/wp\/v2\/media?parent=946"}],"curies":[{"name":"wp","href":"https:\/\/api.w.org\/{rel}","templated":true}]}}