{"id":7,"date":"2005-06-27T18:13:46","date_gmt":"2005-06-27T16:13:46","guid":{"rendered":"http:\/\/www.besamungsgeraet.de\/__dt\/kompaktgerat\/"},"modified":"2020-09-05T09:05:33","modified_gmt":"2020-09-05T07:05:33","slug":"narkosevorrichtung","status":"publish","type":"page","link":"https:\/\/www.besamungsgeraet.de\/__dt\/narkosevorrichtung\/","title":{"rendered":"Narkosevorrichtung"},"content":{"rendered":"<h2>zur Ruhigstellung der Bienenk\u00f6nigin<\/h2>\n<p>Das zur Narkose der K\u00f6nigin ben\u00f6tigte Kohlens\u00e4uregas kann Kapseln oder gr\u00f6\u00dferen Druckflaschen entnommen werden. Die Ausr\u00fcstung f\u00fcr 16-Kapseln ist sehr handlich. Die Kapseln sind aber nicht \u00fcberall verf\u00fcgbar, und der Versand mit Luftpost ist nicht mehr erlaubt.<\/p>\n<p>Die Kontrolle des Gasflusses erfolge nach alter Methode indem\u00a0das Kohlens\u00e4uregas durch eine Waschflasche geleitet wird. In ein mit Wasser gef\u00fcllten Erlenmeyerkolben wird das CO2-Gas geleitet, welches oberhalb wieder \u00fcber einen Ausgang austritt. An der Blasenbildung wird der Gasfluss abgesch\u00e4tzt. Trotz der guten Kontrollm\u00f6glichkeit ist diese Methode nicht optimal, obwohl sie mitunter noch benutzt wird \u00a0(Eindringen von Wasser in die Schlauchverbindungen bis zum K\u00f6niginnenhalter, Beeintr\u00e4chtigung des Reglers durch Feuchtigkeit, Hygienem\u00e4ngel).<\/p>\n<p>Aus diesem Grund wurde der <a href=\"https:\/\/www.besamungsgeraet.de\/__dt\/24,schwebekugeln-im-co2-adapter\/\">CO2-Durchfluss-Adapter<\/a> konstruiert, der auf den Bedarf f\u00fcr die Narkose der K\u00f6nigin abgestimmt ist. Der Gasstrom l\u00e4\u00dft sich hier an den Kugelbewegungen\u00a0ablesen. Zwei Schwebekugeln zeigen den Gasfluss an. Beim Betrieb mit Kapselgas sind die Schwebekugeln im Auge zu behalten und nachzuregeln, weil die Kugeln recht beweglich sind der Gasfluss nicht immer konstant ist.<\/p>\n<p>F\u00fcr die Schlauchverbindungen findet hochwertiges Siliconmaterial Verwendung, das elastisch bleibt und nicht verh\u00e4rtet.\u00a0Die nachstehende Abbildung zeigt die komplette Narkosevorrichtung f\u00fcr 16g-Kapseln.<\/p>\n<div><img loading=\"lazy\" class=\"aligncenter\" src=\"https:\/\/www.besamungsgeraet.de\/UserFiles\/Image\/_deutsch\/narkosevorrichtung.jpg\" alt=\"Narkosevorrichtung\" width=\"296\" height=\"242\" \/><\/div>\n<p class=\"bildunterschrift\"><strong>Narkosevorrichtung f\u00fcr Kapseln\/Patronen (16 Gramm)<\/strong><\/p>\n<p>Es ist wichtig, das Gas stets aus aufrecht stehender Kapsel zu entnehmen, was ebenfalls f\u00fcr die gro\u00dfen Druckflaschen gilt.<\/p>\n<p>Der \u00a0<a href=\"..\/24,schwebekugeln-im-co2-adapter\/\">Durchflu\u00df-Adapter<\/a>\u00a0(Durchflu\u00dfregler mit 2 Kugeln) erlaubt bei richtiger Handhabung eine gute Kontrolle w\u00e4hrend der Arbeit. Die Funktionsf\u00e4higkeit kann vorher getestet werden indem das Schlauchende des Durchflu\u00dfreglers ins Wasser gehalten wird. Das CO2-Gas darf nicht stark sprudeln, sondern nur blubbern.<\/p>\n<p>Durchflu\u00dfregler werden heute f\u00fcr die unterschiedlichsten Aufgaben in den Laboren und der Industrie ben\u00f6tigt. Je nach den Anforderungen gibt es auch immer wieder neue technische L\u00f6sungen und verbesserte Modelle. F\u00fcr die Narkose der K\u00f6nigin sind z.B. 0,5 -1,0 l\/min CO2 aufzuwenden. Nachstehend ist ein angepasster Regler f\u00fcr diesen Bereich mit Magnetfu\u00df und Haftscheibe abgebildet. Durchmesser der Kugel und ihr Gewicht sind hier pr\u00e4zise auf das Steigrohr abgestimmt. Die Durchflu\u00dfmenge pro Minute l\u00e4\u00dft sich an diesem Me\u00dfger\u00e4t ganz genau einstellen und ablesen.<\/p>\n<p><a href=\"https:\/\/www.besamungsgeraet.de\/__dt\/narkosevorrichtung\/1-3-2\/\" rel=\"attachment wp-att-3408\"><img loading=\"lazy\" class=\"alignnone wp-image-3408\" src=\"https:\/\/www.besamungsgeraet.de\/__dt\/wp-content\/uploads\/1-3.png\" alt=\"\" width=\"209\" height=\"289\" srcset=\"https:\/\/www.besamungsgeraet.de\/__dt\/wp-content\/uploads\/1-3.png 463w, https:\/\/www.besamungsgeraet.de\/__dt\/wp-content\/uploads\/1-3-217x300.png 217w\" sizes=\"(max-width: 209px) 100vw, 209px\" \/><\/a><\/p>\n<p><a href=\"https:\/\/www.besamungsgeraet.de\/__dt\/narkosevorrichtung\/weiss\/\" rel=\"attachment wp-att-3396\"><img loading=\"lazy\" class=\"alignnone wp-image-3396\" src=\"https:\/\/www.besamungsgeraet.de\/__dt\/wp-content\/uploads\/wei\u00df.png\" alt=\"\" width=\"37\" height=\"24\" srcset=\"https:\/\/www.besamungsgeraet.de\/__dt\/wp-content\/uploads\/wei\u00df.png 438w, https:\/\/www.besamungsgeraet.de\/__dt\/wp-content\/uploads\/wei\u00df-300x197.png 300w\" sizes=\"(max-width: 37px) 100vw, 37px\" \/><\/a><\/p>\n<p>Bei gr\u00f6\u00dferem CO2-Bedarf ist eine Druckflasche zu empfehlen, an die ein Druckminderer mit Manometer angeschraubt wird. Die Flasche darf \u00fcbrigens nicht soweit entleert werden, da\u00df der Innendruck der Flasche auf Null geht. Es mu\u00df stets ein \u00dcberdruck vorhanden sein. Von au\u00dfen k\u00f6nnen sonst Schmutzteilchen einwandern.<\/p>\n<div><img loading=\"lazy\" class=\"aligncenter\" src=\"https:\/\/www.besamungsgeraet.de\/UserFiles\/Image\/_deutsch\/druckminderer.jpg\" alt=\"Druckminderer\" width=\"306\" height=\"335\" \/><\/div>\n<div><\/div>\n<div><\/div>\n<div><strong>MICRO MATIC &#8211;\u00a0Druckminderer <\/strong><\/div>\n<div><strong>mit zwei Manometern <\/strong>an 2 kg-Druckflasche. Im Bild rechts unten ist der CO2-Durchflu\u00df-Adapter mit dem SERTO-Feinstellhahn zu sehen. Die Regelung am Druckminderer reicht bei dem geringen Bedarf n\u00e4mlich allein nicht aus.<\/div>\n<div><a href=\"https:\/\/www.besamungsgeraet.de\/__dt\/narkosevorrichtung\/weiss\/\" rel=\"attachment wp-att-3396\"><img loading=\"lazy\" class=\"alignnone wp-image-3396\" src=\"https:\/\/www.besamungsgeraet.de\/__dt\/wp-content\/uploads\/wei\u00df.png\" alt=\"\" width=\"35\" height=\"23\" srcset=\"https:\/\/www.besamungsgeraet.de\/__dt\/wp-content\/uploads\/wei\u00df.png 438w, https:\/\/www.besamungsgeraet.de\/__dt\/wp-content\/uploads\/wei\u00df-300x197.png 300w\" sizes=\"(max-width: 35px) 100vw, 35px\" \/><\/a><\/div>\n<div>Der oben abgebildete Druckminderer mit Manometer, Feineinstellung und Absperrhahn weist im\u00a0unteren Druckbereich gute Regeleigenschaften auf und\u00a0hat sich aufgrund seiner Zuverl\u00e4ssigkeit seit vielen Jahren bew\u00e4hrt. <strong>Es ist n\u00e4mlich f\u00fcr unsere Aufgabe sehr wichtig, da\u00df sich zu Beginn der Gasdruck langsam aufbauen l\u00e4\u00dft und nicht gleich sprunghaft ansteigt wie es bei manchen Modellen der Fall ist. <\/strong><\/div>\n<div>Da der CO2-Bedarf zur Narkotisierung der K\u00f6nigin gering ist kann es sein, da\u00df das Manometer auf Grund des geringen Bedarfs noch nicht anspricht aber trotzdem bereits einen konstanten Gasfluss abgibt, der f\u00fcr unsere Zwecke schon ausreicht. Dieser Druckminderer wird an die Druckflaschen angeschlossen, die es in verschiedenen Gr\u00f6\u00dfen im \u00f6rtlichen Getr\u00e4nkehandel zu kaufen gibt. Bestens geeignet ist die transportable CO2-Flasche mit 2 kg Inhalt.<\/div>\n<div>Die Flasche wird in der Regel mit Schutzb\u00fcgel ausgeliefert. Die Gewindeanschl\u00fcsse entsprechen in Deutschland und den meisten europ\u00e4ischen L\u00e4ndern der DIN-Norm 477\/6 mit dem Gewinde\u00a021,80 x 1\/14&#8243; W.\u00a0 In Nordamerika gilt der CGA-Standard.<\/div>\n<p>Die Anschlu\u00dfgewinde der grau gekennzeichneten Flaschen m\u00fcssen also zum jeweiligen Druckminderer passen.<\/p>\n<div><strong>Trotz guter Einstellm\u00f6glichkeiten am abgebildeten Druckminderer ist also immer noch ein geeigneter Durchflu\u00dfregler vor dem Besamungsger\u00e4t zur genauen Kontrolle des Gasflusses anzubringen.\u00a0<\/strong><\/div>\n<div><a href=\"https:\/\/www.besamungsgeraet.de\/__dt\/narkosevorrichtung\/weiss\/\" rel=\"attachment wp-att-3396\"><img loading=\"lazy\" class=\"alignnone wp-image-3396\" src=\"https:\/\/www.besamungsgeraet.de\/__dt\/wp-content\/uploads\/wei\u00df.png\" alt=\"\" width=\"48\" height=\"32\" srcset=\"https:\/\/www.besamungsgeraet.de\/__dt\/wp-content\/uploads\/wei\u00df.png 438w, https:\/\/www.besamungsgeraet.de\/__dt\/wp-content\/uploads\/wei\u00df-300x197.png 300w\" sizes=\"(max-width: 48px) 100vw, 48px\" \/><\/a><\/div>\n<p>Der Schlauchanschlu\u00df ist f\u00fcr Schl\u00e4uche mit 4 mm Innendurchmesser eingerichtet. Diese Abmessung hat sich als praktisch erwiesen. In der Getr\u00e4nketechnik wird mit dickeren Schl\u00e4uchen gearbeitet, und die T\u00fcllen haben einen gr\u00f6\u00dferen Durchmesser.<\/p>\n<p>Da gr\u00f6\u00dfere Mengen an Kohlens\u00e4uregas zur Verf\u00fcgung stehen, kann diese Anlage auch zur Bef\u00fcllung von Begattungsk\u00e4stchen \u00a0hilfreich sein (siehe\u00a0<a href=\"http:\/\/www.youtube.com\/watch?v=M2BuZdflRGc\">YouTub<\/a> &#8211; Video). Es ist aber darauf zu achten, da\u00df Kohlens\u00e4uregas in Lebensmittelqualit\u00e4t Verwendung findet.<\/p>\n<p>Bei Leihflaschen aus dem Getr\u00e4nkehandel ist zu beachten, da\u00df diese auch von Aquarianern benutzt werden und unter Umst\u00e4nden unsauber sind. Die Flaschen sollen deshalb wie oben schon erw\u00e4hnt niemals v\u00f6llig entleert werden, weil dann Schmutzteilchen von au\u00dfen eindringen k\u00f6nnen. Wenn eine neue Druckflasche in Betrieb genommen wird, so ist aus demselben Grund erst einmal etwas Gas auszublasen, damit Verunreinigungen aus der Verschraubung danach nicht in den Druckregler gelangen k\u00f6nnen.<\/p>\n<p>&nbsp;<\/p>\n","protected":false},"excerpt":{"rendered":"<p>zur Ruhigstellung der Bienenk\u00f6nigin Das zur Narkose der K\u00f6nigin ben\u00f6tigte Kohlens\u00e4uregas kann Kapseln oder gr\u00f6\u00dferen Druckflaschen entnommen werden. Die Ausr\u00fcstung f\u00fcr 16-Kapseln ist sehr handlich. Die Kapseln sind aber nicht \u00fcberall verf\u00fcgbar, und der Versand mit Luftpost ist nicht mehr erlaubt. Die Kontrolle des Gasflusses erfolge nach alter Methode indem\u00a0das Kohlens\u00e4uregas durch eine Waschflasche geleitet [&hellip;]<\/p>\n","protected":false},"author":3,"featured_media":0,"parent":0,"menu_order":4,"comment_status":"open","ping_status":"open","template":"","meta":[],"_links":{"self":[{"href":"https:\/\/www.besamungsgeraet.de\/__dt\/wp-json\/wp\/v2\/pages\/7"}],"collection":[{"href":"https:\/\/www.besamungsgeraet.de\/__dt\/wp-json\/wp\/v2\/pages"}],"about":[{"href":"https:\/\/www.besamungsgeraet.de\/__dt\/wp-json\/wp\/v2\/types\/page"}],"author":[{"embeddable":true,"href":"https:\/\/www.besamungsgeraet.de\/__dt\/wp-json\/wp\/v2\/users\/3"}],"replies":[{"embeddable":true,"href":"https:\/\/www.besamungsgeraet.de\/__dt\/wp-json\/wp\/v2\/comments?post=7"}],"version-history":[{"count":171,"href":"https:\/\/www.besamungsgeraet.de\/__dt\/wp-json\/wp\/v2\/pages\/7\/revisions"}],"predecessor-version":[{"id":3335,"href":"https:\/\/www.besamungsgeraet.de\/__dt\/wp-json\/wp\/v2\/pages\/7\/revisions\/3335"}],"wp:attachment":[{"href":"https:\/\/www.besamungsgeraet.de\/__dt\/wp-json\/wp\/v2\/media?parent=7"}],"curies":[{"name":"wp","href":"https:\/\/api.w.org\/{rel}","templated":true}]}}