{"id":6,"date":"2005-06-27T17:39:59","date_gmt":"2005-06-27T15:39:59","guid":{"rendered":"http:\/\/dt.besamungsgeraet.de\/kaltlicht-von-glasfaser-bis-led\/"},"modified":"2020-06-19T12:01:28","modified_gmt":"2020-06-19T10:01:28","slug":"kaltlichtquellen","status":"publish","type":"page","link":"https:\/\/www.besamungsgeraet.de\/__dt\/kaltlichtquellen\/","title":{"rendered":"Kaltlichtquellen"},"content":{"rendered":"<h3>Spezialausf\u00fchrung f\u00fcr das Stereomikroskop<\/h3>\r\n<p>Eine funktionsgerechte Beleuchtung ist f\u00fcr die Durchf\u00fchrung der K\u00f6niginnenbesamung unentbehrlich. Hell, kalt, UV-frei, m\u00f6glichst schlanke Bauweise und konzentriertes Licht sind Anforderungen, die an die Lichtquelle gestellt werden. Blenden darf sie nicht. Die exakte Ausrichtung ist deshalb wichtig.<\/p>\r\n<p>Eine optimal abgestimmte Beleuchtung erleichtert auch das Arbeiten. Bisher stellte Glasfaserlicht die beste L\u00f6sung dar. Inzwischen haben neue LED-Lichtquellen stark aufgeholt, und sie stehen Lampen mit Glasfaserlichtleitern nicht mehr nach. Zu bedenken ist, da\u00df eine hohe Lichtintensit\u00e4t sich negativ auf die Bienenspermien auswirkt. Die Spermavertr\u00e4glichkeit der verwendeten Beleuchtung ist sehr wichtig.<\/p>\r\n<p><span class=\"Apple-style-span\" style=\"font-size: 15px; font-weight: bold;\">LED \u2013 Licht<\/span><\/p>\r\n<p>Interessant geworden sind helle Leuchtdioden, die kaltes Licht ohne UV-Anteile abgeben. Dieser Sektor hat in j\u00fcngster Zeit einen enormen technischen Fortschritt zu verzeichnen, und die Industrie bietet immer wieder neue Varianten an. Vorteile wie hohe Beleuchtungsst\u00e4rke, lange Lebensdauer, geringes Gewicht, minimaler Stromverbrauch und kleine Abmessungen sprechen f\u00fcr diese modernen Lichtquellen. Dennoch ist Vorsicht geboten. So wird davor gewarnt, direkt in helles blendendes LED-Licht zu sehen wie es auch bei Taschenlampen verwendet wird, weil es die Netzhaut sch\u00e4digen kann. Beim Bienensperma wird es sich nicht anders verhalten.<\/p>\r\n<p>Wenn die im Aufbau befindliche Spermas\u00e4ule unter dem Mikroskop beispielsweise 20 Minuten lang einer intensiven Belichtung ausgesetzt wird, so ist das auf jeden Fall sch\u00e4dlich!\u00a0Die Beleuchtung ist deshalb nicht \u00fcberm\u00e4\u00dfig hell auszurichten. Unn\u00f6tig lange Belichtungen der aufgezogenen Spermas\u00e4ule sind zu vermeiden. Eine punktuelle Begrenzung ist auf jeden Fall zu bevorzugen.<\/p>\r\n<p>Inzwischen werden auch werkseitig Stereomikroskope mit integrierten LED-Lampen ausger\u00fcstet, die ein breitgef\u00e4chertes Licht abgeben (Farbtemperatur z.B. 6000 Kelvin).<\/p>\r\n<p><strong>Das Komplettger\u00e4t <\/strong>wird standardm\u00e4\u00dfig mit der nachfolgend beschriebenen LED-Lampe im Warmton (3000 k) als Punktlicht ausgeliefert, die kein seitliches Licht abstrahlt. Die Konzentration auf einen Lichtpunkt hat den gro\u00dfen Vorteil, da\u00df das Sperma nicht unn\u00f6tig hoher Lichtintensit\u00e4t ausgesetzt wird. Bei Lampen mit einem breiteren Austrittswinkel ist das nicht zu vermeiden. Der biegsame Schwanenhals erlaubt hier die genaue Justierung. Der Magnetfu\u00df gibt einen sicheren Halt auf der selbstklebenden Haltescheibe. Mit einem Handgriff wird die Lampe angebracht oder wieder abgenommen.<\/p>\r\n<p class=\"bildunterschrift\"><a href=\"https:\/\/www.besamungsgeraet.de\/__dt\/wp-content\/uploads\/3.201.jpg\" rel=\"lightbox[6]\"><img loading=\"lazy\" class=\"alignleft wp-image-2258\" title=\"3.20\" src=\"https:\/\/www.besamungsgeraet.de\/__dt\/wp-content\/uploads\/3.201-300x277.jpg\" alt=\"\" width=\"325\" height=\"300\" srcset=\"https:\/\/www.besamungsgeraet.de\/__dt\/wp-content\/uploads\/3.201-300x277.jpg 300w, https:\/\/www.besamungsgeraet.de\/__dt\/wp-content\/uploads\/3.201.jpg 780w\" sizes=\"(max-width: 325px) 100vw, 325px\" \/><\/a><\/p>\r\n<p class=\"bildunterschrift\"><a href=\"https:\/\/www.besamungsgeraet.de\/__dt\/wp-content\/uploads\/LEDEmitter2.jpg\" rel=\"lightbox[6]\"><img loading=\"lazy\" class=\"wp-image-2347 alignright\" title=\"LEDEmitter\" src=\"https:\/\/www.besamungsgeraet.de\/__dt\/wp-content\/uploads\/LEDEmitter2.jpg\" alt=\"\" width=\"209\" height=\"156\" srcset=\"https:\/\/www.besamungsgeraet.de\/__dt\/wp-content\/uploads\/LEDEmitter2.jpg 3648w, https:\/\/www.besamungsgeraet.de\/__dt\/wp-content\/uploads\/LEDEmitter2-300x225.jpg 300w, https:\/\/www.besamungsgeraet.de\/__dt\/wp-content\/uploads\/LEDEmitter2-1024x768.jpg 1024w\" sizes=\"(max-width: 209px) 100vw, 209px\" \/><\/a><\/p>\r\n<p class=\"bildunterschrift\">LED-Lampe mit Magnetfu\u00df und Klebehaftscheibe sowie die Abbildung des Emitters<\/p>\r\n<p>&nbsp;<\/p>\r\n<p>Der Schwanenhals hat einen Durchmesser von 7 mm und ist 30 cm lang. Getragen wird das Ganze von einem Magnetfu\u00df, der auf der mitgelieferten Klebehaftscheibe seinen Halt findet. Die Lampe kann an jeder denkbaren Stelle optimal platziert werden.<\/p>\r\n<p>Es besteht neuerdings auch die M\u00f6glichkeit diese LED-Quelle ohne den langen Schwanenhals direkt \u00a0am Kopfhalter des Stereomikroskops mit Hilfe eines doppelten Magnet-Kugelgelenks zu befestigen. Das spart Platz, und die Punktleuchte im Warmton l\u00e4\u00dft sich auf diese Weise noch bequemer handhaben wie aus der nachstehenden Abbildung zu sehen ist.<\/p>\r\n<figure class=\"alignleft size-medium is-resized\"><img loading=\"lazy\" class=\"wp-image-3286\" src=\"https:\/\/www.besamungsgeraet.de\/__dt\/wp-content\/uploads\/IMG_2506-2-300x225.jpeg\" alt=\"\" width=\"259\" height=\"195\" srcset=\"https:\/\/www.besamungsgeraet.de\/__dt\/wp-content\/uploads\/IMG_2506-2-300x225.jpeg 300w, https:\/\/www.besamungsgeraet.de\/__dt\/wp-content\/uploads\/IMG_2506-2.jpeg 480w\" sizes=\"(max-width: 259px) 100vw, 259px\" \/><\/figure>\r\n<p>Der Arbeitsplatz sollte hell sein und keine gro\u00dfen Helligkeitsunterschiede aufweisen. Hierzu reichen die \u00fcblichen Lichtquellen aus. Das erleichtert die physiologische Anpassung unseres Auges w\u00e4hrend der Arbeit.<\/p>\r\n\r\n\r\n\r\n<p>&nbsp;<\/p>\r\n<p>&nbsp;<\/p>\r\n<p>&nbsp;<\/p>\r\n<p>&nbsp;<\/p>\r\n<p>&nbsp;<\/p>\r\n","protected":false},"excerpt":{"rendered":"<p>Spezialausf\u00fchrung f\u00fcr das Stereomikroskop Eine funktionsgerechte Beleuchtung ist f\u00fcr die Durchf\u00fchrung der K\u00f6niginnenbesamung unentbehrlich. Hell, kalt, UV-frei, m\u00f6glichst schlanke Bauweise und konzentriertes Licht sind Anforderungen, die an die Lichtquelle gestellt werden. Blenden darf sie nicht. Die exakte Ausrichtung ist deshalb wichtig. Eine optimal abgestimmte Beleuchtung erleichtert auch das Arbeiten. Bisher stellte Glasfaserlicht die beste L\u00f6sung [&hellip;]<\/p>\n","protected":false},"author":3,"featured_media":0,"parent":0,"menu_order":3,"comment_status":"open","ping_status":"open","template":"","meta":[],"_links":{"self":[{"href":"https:\/\/www.besamungsgeraet.de\/__dt\/wp-json\/wp\/v2\/pages\/6"}],"collection":[{"href":"https:\/\/www.besamungsgeraet.de\/__dt\/wp-json\/wp\/v2\/pages"}],"about":[{"href":"https:\/\/www.besamungsgeraet.de\/__dt\/wp-json\/wp\/v2\/types\/page"}],"author":[{"embeddable":true,"href":"https:\/\/www.besamungsgeraet.de\/__dt\/wp-json\/wp\/v2\/users\/3"}],"replies":[{"embeddable":true,"href":"https:\/\/www.besamungsgeraet.de\/__dt\/wp-json\/wp\/v2\/comments?post=6"}],"version-history":[{"count":208,"href":"https:\/\/www.besamungsgeraet.de\/__dt\/wp-json\/wp\/v2\/pages\/6\/revisions"}],"predecessor-version":[{"id":3458,"href":"https:\/\/www.besamungsgeraet.de\/__dt\/wp-json\/wp\/v2\/pages\/6\/revisions\/3458"}],"wp:attachment":[{"href":"https:\/\/www.besamungsgeraet.de\/__dt\/wp-json\/wp\/v2\/media?parent=6"}],"curies":[{"name":"wp","href":"https:\/\/api.w.org\/{rel}","templated":true}]}}